hat is (2 - 5) + (-1 - -6)?
2
Calculate 11 - (26 + -10) - -10.
5
What is -6 + (-5 - -3) + (4 - -1)?
-3
Evaluate 2 - -3 - ((3 - -2) + -6).
6
What is 21 + -12 + (-3 - 1)?
5
What is the value of (4 - -3) + (-1 + -3 - -2)?
5
What is 3 - (-2 + 0) - (15 + -7)?
-3
Evaluate -75 + 88 + (-2 - 0).
11
Calculate -9 + 4 + -2 + 2.
-5
Evaluate (0 - -1) + 6 + -24 + 10.
-7
Calculate -39 + 42 + (-3 - -2) + 0.
2
-7 - (-12 + 23 - 18)
0
Calculate -4 + 4 + -22 + 22.
0
Evaluate (3 - 2) + (-3 - 5).
-7
-2 - (6 + -1 + -1)
-6
Calculate 1 + -8 + 5 - (-7 - 0).
5
Evaluate 3 + (5 + 0 - (-81 - -93)).
-4
What is 2 + 1 - 9 - -10?
4
Evaluate -1 + -2 - (7 + -13).
3
What is the value of 9 + -7 - (-2 + 9)?
-5
(-9 - 0) + 26 + -26
-9
Evaluate -13 - (-1 + -18 + 13).
-7
Evaluate 7 - (14 + -5 + -8).
6
(-1 - (-5 - 0)) + 0 + -1
3
-3 - (-3 + -5) - (-3 - -2)
6
What is (9 - 1) + (6 - 10)?
4
(5 - 0) + (0 - 0)
5
(1 - (5 + -4)) + -3
-3
-12 - -10 - (-3 - (-2 - 0))
-1
What is the value of (0 - 1) + (-7 + 4 - 0)?
-4
What is the value of 8 + (9 - 11 - -1)?
7
Evaluate (-20 + 10 - -13) + -10.
-7
Evaluate 4 - (0 + 0) - (-72 - -76).
0
2 + (3 - -1 - 8) + -3
-5
What is -4 + -5 + 21 + -6?
6
-16 + 15 - (-6 - 4 - -5)
4
What is 1 + 1 + -54 + 47?
-5
(-5 - -6 - -3) + -5
-1
2 + -3 + (-4 - 0)
-5
Calculate 4 + (-12 + 3 - 0).
-5
What is the value of -7 - (6 + (-12 - -2))?
-3
(2 - 4 - -2) + (4 - -1)
5
Calculate -2 + -9 - -4 - 1.
-8
Evaluate (-2 - (2 - 4)) + -2 + 5.
3
What is (1 - 8) + -15 + 21?
-1
Evaluate 2 + (-1 - (5 - (1 - -1))).
-2
Calculate 0 - (7 - (-5 + 11)) - -7.
6
What is (-5 - -4 - -6) + (7 - 13)?
-1
-2 + 1 + (0 - 6) + 2
-5
(12 - 6 - 5 - 7) + 1
-5
4 - 1 - (1 - (1 - 0))
3
What is 2 + (-3 - -11 - 15)?
-5
-3 - (-1 + 2 + (-1 - 1))
-2
Calculate -339 - -339 - (0 - (0 + 1)).
1
What is the value of 6 - (0 - (-2 + -2 - -1))?
3
What is the value of -12 + 13 + (-7 - -1) + 11?
6
Calculate 4 - (-2 - (-3 + 3 + -11)).
-5
Evaluate -5 - 0 - (2 - -3 - 5).
-5
1 + 1 + 1 - 2
1
Calculate 6 - (4 - -6) - (-9 - -3).
2
What is 3 + -4 + (-5 - -4) - 2?
-4
Calculate (98 - 92) + 0 + -12.
-6
What is -5 - -9 - (10 + (-10 - -2))?
2
Evaluate 1 + 0 - (-61 - -58).
4
What is the value of (-2 + -5 - -4) + -2 + 5?
0
What is 0 + 2 + 69 + -72 - -7?
6
What is the value of 2 - 0 - (-5 - (-4 - 3))?
0
Evaluate -2 + -4 + (8 - 2) - 5.
-5
Calculate (2 - -2) + -2 + 0 - 2.
0
What is the value of 6 + -1 + -5 - -3?
3
Calculate -2 - (-2 - -3) - -1.
-2
-4 - (0 - -4 - (-1 - -3))
-6
(-1 - (9 + -15)) + -6
-1
Calculate 35 + -18 + (-8 - 5).
4
2 - 11 - (2 - (4 + 4))
-3
Calculate (5 + 7 - 9) + -6.
-3
Calculate -3 - (0 + -8 - -3).
2
Evaluate 1 - 2 - (-10 + -1 + 16).
-6
-2 + 4 - (3 + 0 - -1)
-2
What is the value of 0 + -5 - (-9 + (4 - 0))?
0
2 + -2 + (-15 - -10)
-5
7 - -9 - (9 + (2 - 4))
9
Evaluate (-47 - -43) + (-1 - -11).
6
What is -5 + 2 - (-7 - 0)?
4
0 - (1 + -4 + 4)
-1
What is the value of -3 - (9 + -3 - 2)?
-7
1 - -4 - (2 + -1) - 5
-1
What is the value of -3 - ((4 + -12 - 1) + 1)?
5
What is the value of 5 - (1 - 6 - -6)?
4
-1 + (-4 - 1 - 5 - -4)
-7
(7 - -1) + 11 + (-16 - 5)
-2
What is the value of 4 + 6 + -7 + 1?
4
What is -4 + -13 + 7 + -3 + 11?
-2
What is 4 - (-4 - -7 - (11 - 5))?
7
0 - 6 - (-2 - (0 + 2))
-2
Calculate -3 - (0 + -2 + 1) - -2.
0
Calculate 0 + (-1 - (-3 - 0)).
2
What is 8 - (3 - -2) - 4 - -1?
0
What is -4 - (-4 - (6 - (5 - 4)))?
5
Calculate 0 + 6 - 4 - (-1 + 3).
0
What is -5 + (1 - (-2 + 1))?
-3
Evaluate 8 + -9 + -1 - -8.
6
What is the value of -3 + -1 + 0 + 8?
4
11 + -8 + 3 - (-1 + 11)
-4
Evaluate 0 + -2 - (8 + -9).
-1
What is 3 + -1 + (-1 - (-4 - 0))?
5
What is the value of (24 - 23) + 2 + -1?
2
What is the value of 2 + (1 + (-5 - -2) - -3)?
3
What is 11 + -16 - (-5 + 1)?
-1
What is -2 + -3 + 12 + 1 + -3?
5
What is the value of -1 - -1 - (11 + -13)?
2
Evaluate (-7 - (-1 - -4 - 1)) + 4.
-5
Calculate 2 + 1 - (-1 - (-3 - 0)).
1
What is -14 + 15 - (0 - -5)?
-4
Evaluate 12 + -12 + -9 - -16.
7
11 + -2 + 5 + -23
-9
Evaluate (4 - 0) + (1 - -1 - 4).
2
What is 10 - 7 - (-2 + (2 - 1))?
4
What is the value of 2 - (3 + -2 + 2)?
-1
-7 + -8 + 2 + 10
-3
What is the value of 1 + 2 - -1 - 4?
0
What is the value of 2 + -5 + 12 - (-3 + 8)?
4
What is 0 - (7 + 1 + -3)?
-5
-2 + 2 + -3 + 1 + 2
0
Evaluate 7 - (1 - (3 + 0 - 7)).
2
What is the value of 0 - 2 - (29 + -32)?
1
-6 - (-7 - (-4 + -3))
-6
-4 + 10 + -3 + -1
2
-2 + 6 - -8 - 8
4
Calculate -2 + 1 + 2 + 21 + -18.
4
What is -3 + -2 - 2 - -2?
-5
Calculate 5 + -4 + -2 + 1 - -1.
1
Evaluate 0 + (-3 - (-2 + 2)).
-3
What is the value of -4 + (2 - (-8 + 11))?
-5
What is -18 + (-8 - -19) - 1?
-8
Calculate (5 - -1) + -9 + 5.
2
Evaluate 0 - (-1 - 0 - (0 + -2)).
-1
-6 + (-15 - -16 - (-1 + -1))
-3
6 + (-19 + 13 - (-2 + -2))
4
(5 - (0 + -1)) + 7 - 7
6
Calculate 0 + (-2 + 1 - -4).
3
Calculate (3 - 5 - -6) + -5.
-1
(0 - (9 + -3)) + 8 - 3
-1
Calculate -15 - -16 - (4 - (1 + -3)).
-5
Evaluate 1 + (1 - 9) - (193 + -200).
0
Calculate -1 + 9 + (106 - 109).
5
Calculate 1 + (-3 + 0 - -6).
4
What is -3 - (-5 + 3 + (-7 - -4))?
2
What is 1 + -3 - -3 - -3?
4
What is -18 - -21 - (-1 + -2 - 2)?
8
What is the value of (-5 - (6 - 1)) + 1 + 3?
-6
What is the value of -4 + (-2 - 1) + 5 + -2?
-4
What is the value of 7 - (3 + (7 - (0 + 11)))?
8
Calculate -39 - -35 - (0 - 2).
-2
What is the value of 6 + 1 + (4 - 13) + 5?
3
Calculate 3 + -2 + -1 + 4.
4
What is the value of -5 + (10 - (3 - 1)) + 0?
3
(6 - 16 - -5) + 0
-5
What is 6 + (8 + -6 - -3 - 8)?
3
What is 4 + 0 + -4 - -4?
4
What is the value of -2 + (5 - 7) + 5?
1
What is -2 - (5 + 5 - 3)?
-9
What is the value of -196 + 202 - (-2 - (-2 + -1))?
5
-1 + 2 + -5 + (-1 - -2)
-3
What is (10 - 6) + (1 + -8 - -6)?
3
What is 1 + 1 + 4 + (2 - 4)?
4
Evaluate -5 + 6 - ((5 - 5) + 6).
-5
What is the value of (0 + 11 - (1 + 5)) + -8?
-3
What is the value of (-6 - 1) + 5 - (-3 - 4)?
5
What is (-3 - (8 - 1)) + -64 + 70?
-4
Evaluate -13 + (-11 - (0 - 29)).
5
Evaluate -2 + -5 - (-19 - -15).
-3
Calculate (7 - (0 + -2)) + 2 + -4.
7
Calculate (5 - 4) + 5 + -1.
5
What is the value of 0 + (3 - 1) - (13 + -10)?
-1
(-8 - -27) + -6 + -9
4
Evaluate 1 + (-2 - 5 - -3) + 0.
-3
Calculate (9 - (12 + -2)) + (8 - 1).
6
What is the value of -1 - ((-2 - -2) + 3 - 1)?
-3
-4 - ((-1 - 0) + -8)
5
Calculate 0 + (3 - -5) + -6.
2
What is the value of 1 + -14 - (-16 - (-11 - -1))?
-7
Calculate 3 + -6 + 4 + -3 + -5.
-7
-5 + 3 + 5 + -8
-5
Calculate 4 + -15 + 18 + (0 - 12).
-5
What is the value of 7 - 2 - (-1 + 10)?
-4
Calculate 0 + 0 + 2 + 0 + 3.
5
Calculate (-1 - (0 + 0)) + -2.
-3
What is -2 + -2 + (-1 - (-4 - -2))?
-3
Evaluate -1 + -3 + 10 + -9.
-3
Calculate 6 + (-4 - -1 - 1).
2
What is -1 + (5 - 6) - (-4 - 0)?
2
Evaluate (1 - 2) + -2 + (9 - 11).
-5
Evaluate (-2 + 3 - -1) + -2.
0
What is -20 - -17 - (5 + (-4 - -3))?
-7
Evaluate -2 - (-4 + -1 + 1).
2
-5 - ((1 + -8 - -6) + -4)
0
-9 - -11 - (1 - -6)
-5
Calculate (5 - 2) + 1 + -2.
2
What is the value of 6 + -4 - (2 - 1)?
1
Calculate 11 + (-2 - 0) + (27 - 30).
6
Calculate 4 - (-1 + (6 - (3 + -2))).
0
Evaluate 0 - -2 - (-13 - -11).
4
What is the value of (-5 - (-3 - -3)) + 1?
-4
2 + (0 - ((0 - -4) + -6))
4
Evaluate (-2 - -1) + -1 - (0 - 6).
4
What is the value of 2 - (21 + 2 + -15)?
-6
What is the value of -5 - -1 - (28 + -32)?
0
Calculate -8 + 8 + 3 + -10.
-7
What is (268 - 284) + 0 + 0 + 5?
-11
Evaluate 1 + 2 + -20 + 17.
0
What is the value of 31 + -25 + (1 - 7)?
0
Calculate -1 + (2 - (-3 - 1)).
5
What is (-168 - -173) + (-7 - (-4 - -2))?
0
What is the value of -7 + -6 + 5 + 7 + -8?
-9
What is the value of 6 - (-6 + 6 - -1)?
5
What is 7 + -13 + 0 + 0?
-6
(-7 - 0) + (25 + -9 - 11)
-2
What is -4 + -2 - -10 - 0 - 1?
3
Calculate 1 + 4 + 7 + -15.
-3
6 - (6 + -7 + 2 + 1)
4
Calculate -1 + -5 - 0 - (50 + -50).
-6
What is (-12 - -9) + (-1 - -2)?
-2
What is -2 - 6 - (16 - 21)?
-3
(7 - 7) + (0 - 5)
-5
What is the value of (0 - -2) + 2 + -7 - 0?
-3
Evaluate -5 + (-2 - 6 - -16).
3
Evaluate (-12 - -16) + (3 - 2) + 0.
5
What is the value of -2 + (-4 - -7 - 5) + 11?
7
What is the value of -1 - (7 + -16 + (-7 - -10))?
5
What is the value of 2 + 0 + 6 + -3?
5
Calculate 21 + -15 - (1 + -3 + 13).
-5
What is (1 - -6) + -10 + 2 + -1?
-2
2 - (4 + 1) - 0
-3
(5 + 5 + -13 - -1) + -3
-5
Evaluate -2 - 3 - (3 - (-1 + 6)).
-3
What is (-1 - -7) + (-17 - -13)?
2
Calculate -2 + 3 + (2 - 3) - 3.
-3
What is -7 + -3 + 9 + 3?
2